{"id":96,"date":"2009-02-04T19:35:48","date_gmt":"2009-02-04T18:35:48","guid":{"rendered":"http:\/\/www.lasaggezzadichirone.org\/site\/?page_id=96"},"modified":"2009-02-04T19:35:48","modified_gmt":"2009-02-04T18:35:48","slug":"idee-guida-e-punti-fondamentali","status":"publish","type":"page","link":"http:\/\/www.lasaggezzadichirone.org\/site\/progetto-movimento-verde-animalista\/idee-guida-e-punti-fondamentali\/","title":{"rendered":"Idee guida e punti fondamentali"},"content":{"rendered":"<p>Sezione: <a href=\"http:\/\/www.lasaggezzadichirone.org\/site\/?page_id=57\">Progetto Embrionale per un Movimento Verde-Animalista<\/a><\/p>\n<p>Questa \u00e8 una bozza, un \u201cblueprint\u201d per un movimento politico che potrebbe diventare un partito. E\u2019 solo una traccia. E\u2019 solo un suggerimento. E\u2019 un progetto embrionale che pu\u00f2 essere trasformato,modificato, migliorato, completato, ridotto, reso pi\u00f9 preciso, pi\u00f9 comprensivo. E\u2019 qualcosa che pu\u00f2 considerarsi un inizio, un germe di qualcosa di cui molti sentono urgente bisogno.<\/p>\n<p><img loading=\"lazy\" decoding=\"async\" src=\"http:\/\/www.lasaggezzadichirone.org\/site\/wp-content\/uploads\/2009\/02\/logo.jpg\" alt=\"logo\" title=\"logo\" width=\"250\" height=\"330\" class=\"aligncenter size-full wp-image-97\" srcset=\"http:\/\/www.lasaggezzadichirone.org\/site\/wp-content\/uploads\/2009\/02\/logo.jpg 250w, http:\/\/www.lasaggezzadichirone.org\/site\/wp-content\/uploads\/2009\/02\/logo-227x300.jpg 227w\" sizes=\"auto, (max-width: 250px) 100vw, 250px\" \/><\/p>\n<p><strong>IDEE GUIDA E PUNTI FONDAMENTALI<\/p>\n<p>IL NOME DEL NUOVO MOVIMENTO \u00c8 <\/p>\n<p>MIDTEV<\/p>\n<p>MOVIMENTO IN DIFESA DELLA TERRA E DEGLI ESSERI VIVENTI<br \/>\nMOTTO: \u201cLA NOSTRA CASA E I NOSTRI FRATELLI\u201d<br \/>\nSIMBOLO : LA TERRA, IL PIANETA AZZURRO E UN CERBIATTO<\/strong><\/p>\n<p>Il nuovo movimento \u00e8 profondamente verde, animalista, europeista aperto verso la societ\u00e0 civile, di cultura laica riformista, e potrebbe situarsi politicamente a sinistra, ma su una posizione pi\u00f9 moderata di quella dei Verdi che, essendosi spostati troppo a sinistra, hanno perso numerosissimi consensi.<br \/>\nIl movimento potrebbe anche scegliere una posizione \u201ctrasversale\u201d o equidistante dagli schieramenti attuali secondo le necessit\u00e0 politiche del momento e le valutazioni strategiche del suo gruppo dirigente e dell\u2019assemblea dei suoi iscritti.<\/p>\n<p>Il movimento suggerisce e promuove interventi legislativi, interrogazioni, interpellanze, disegni di legge, decreti legge e decreti legislativi riguardanti i punti elencati.<\/p>\n<p>Il movimento ha come scopo: <\/p>\n<p>1) La difesa del pianeta e dei suoi abitanti umani e non umani. La difesa delle specie, dei fiumi, delle grandi foreste e si confronta, con assoluta risolutezza, con coloro che avvelenano la terra e stanno \u201cde facto\u201d distruggendo il pianeta.<\/p>\n<p>2) Una ferma posizione contro la fame nel mondo, la povert\u00e0, la schiavit\u00f9, la pena di morte, lo sfruttamento minorile, la prostituzione forzata, la violazione dei diritti umani e qualsiasi forma di violenza perpetrata verso esseri inermi e indifesi e si batte affinch\u00e9 gli aiuti erogati ai paesi in via di sviluppo raggiungano il livello di quelli della Gran Bretagna o della Francia che stanziano rispettivamente lo 0,52 e lo 0,47 del loro PIL nazionale contro il nostro 0,20. <\/p>\n<p>3) L\u2019appoggio alla lotta in Italia contro la disoccupazione, il precariato, gli sprechi mostruosi che stanno distruggendo il tessuto economico nazionale e la criminalit\u00e0 organizzata. La lotta contro la corruzione nello Stato &#8211; una metastasi nazionale -, l\u2019oscena differenziazione dei salari, i privilegi della \u201cCasta\u201d e l\u2019evasione fiscale in tutte le sue forme. L\u2019appoggio alle battaglie per il contenimento della spesa pubblica, delle spese per la \u201ccasta\u201d politica, e per tutte le \u201ccaste\u201dper la riforma del pubblico impiego e per la soppressione degli enti inutili. <\/p>\n<p>4) La scelta di una posizione laica che senza diventare anticlericale sostenga la battaglia per il riconoscimento dei diritti delle convivenze di fatto e le altre battaglie che il mondo laico sta portando avanti a livello nazionale e internazionale. <\/p>\n<p>5) Una ferma posizione riguardo l\u2019abolizione della caccia, l\u2019abolizione della sperimentazione sugli animali e l\u2019eliminazione di qualsiasi forma di violenza (dove sar\u00e0 possibile farlo dato il particolare momento storico) verso gli esseri viventi non umani. La lotta per legiferare in difesa degli esseri senzienti chiedendo l\u2019inasprimento delle pene verso la zoomafia e l\u2019ecomafia e qualsiasi altra forma di violenza perpetrata verso esseri inermi e indifesi, incluso l\u2019uso di animali per il circo, per le fiere, per l\u2019industria delle pellicce.<\/p>\n<p>6) L\u2019appoggio alle grandi campagne europee e internazionali, in difesa degli esseri viventi martoriati. Il sostegno alle grandi lotte &#8211; con ogni forma di resistenza &#8211; in difesa delle balene, dei cetacei, delle foche, e del bracconaggio internazionale &#8211; e altre lotte similari &#8211; che stanno distruggendo moltissime specie &#8211; e il supporto alla lotta condotta in Europa contro la corrida, la caccia alla volpe e le altre campagne internazionali. <\/p>\n<p>7) La promozione dell\u2019idea che la crescita demografica deve svilupparsi in armonia con le risorse naturali disponibili e che l\u2019incremento sproporzionato delle nascite sta pesando sulla terra in maniera letale. Facendo questo, il nuovo movimento si confronter\u00e0 risolutamente col il mondo cattolico e con quasi tutti i partiti politici che sostengono l\u2019idea della proliferazione incontrollata delle nascite: su questo punto non dovr\u00e0 cedere. <\/p>\n<p>8) La scelta in politica estera di una posizione differente dalle posizioni della sinistra pacifista sostenendo che in casi di genocidio come il Ruanda, il Darfur, il Congo o la Bosnia &#8211; qualora le Nazioni Unite non intervenissero in maniera risoluta &#8211; sia una forza europea ad intervenire affinch\u00e9 non si ripetano mai pi\u00f9 i vergognosi eventi del passato e una presa di posizione ferma riguardo l\u2019ingresso della Turchia in Europa che non \u00e8 ammissibile prima del riconoscimento del genocidio armeno. <\/p>\n<p>9) La promozione della battaglia per l\u2019inasprimento delle pene riguardo gli incendi dolosi, l\u2019ecomafia, le frodi in materia ambientale, il commercio di sostanze che danneggiano l\u2019ozono e il trasporto di rifiuti illegali e simili attivit\u00e0.<\/p>\n<p>10) La promozione di stili di vita alternativi ed ecocompatibili come la raccolta differenziata, la produzione di imballaggi biodegradabili, il riciclo e tutte le tecnologie che facilitano il cambio verso uno stile di<br \/>\nvita rivolto alla produzione di energia pulita. A questo riguardo il movimento provvede alla diffusione dell&#8217;informazione e alla promozione di facilitazioni economiche per la produzione e per consumi alimentari biologici e vegetariani. Le energie alternative dovranno, per legge, coprire una percentuale del fabbisogno nazionale fino a raggiungere quote significative in tutte le forme di produzione e di trasporto. La promozione del boicottaggio economico verso i paesi industrializzati che non rientrano nei parametri minimi stabiliti. I paesi in via di sviluppo dovranno \u2013 aiutati da finanziamenti mirati e controllati &#8211; rientrare nei parametri fissati. Sull\u2019incentivazione all\u2019uso di forme energetiche alternative e non inquinanti occorrer\u00e0 la massima intransigenza onde salvare il pianeta.<\/p>\n","protected":false},"excerpt":{"rendered":"<p>Sezione: Progetto Embrionale per un Movimento Verde-Animalista Questa \u00e8 una bozza, un \u201cblueprint\u201d per un movimento politico che potrebbe diventare un partito. E\u2019 solo una traccia. E\u2019 solo un suggerimento. E\u2019 un progetto embrionale che pu\u00f2 essere trasformato,modificato, migliorato, completato, ridotto, reso pi\u00f9 preciso, pi\u00f9 comprensivo. E\u2019 qualcosa che pu\u00f2 considerarsi un inizio, un germe &hellip; <a href=\"http:\/\/www.lasaggezzadichirone.org\/site\/progetto-movimento-verde-animalista\/idee-guida-e-punti-fondamentali\/\" class=\"more-link\">Continua a leggere <span class=\"screen-reader-text\">Idee guida e punti fondamentali<\/span><\/a><\/p>\n","protected":false},"author":1,"featured_media":0,"parent":57,"menu_order":0,"comment_status":"open","ping_status":"open","template":"","meta":{"iawp_total_views":0,"footnotes":""},"class_list":["post-96","page","type-page","status-publish","hentry"],"yoast_head":"<!-- This site is optimized with the Yoast SEO plugin v27.5 - https:\/\/yoast.com\/product\/yoast-seo-wordpress\/ -->\n<title>Idee guida e punti fondamentali - La Saggezza di Chirone<\/title>\n<meta name=\"robots\" content=\"index, follow, max-snippet:-1, max-image-preview:large, max-video-preview:-1\" \/>\n<link rel=\"canonical\" href=\"http:\/\/www.lasaggezzadichirone.org\/site\/progetto-movimento-verde-animalista\/idee-guida-e-punti-fondamentali\/\" \/>\n<meta property=\"og:locale\" content=\"it_IT\" \/>\n<meta property=\"og:type\" content=\"article\" \/>\n<meta property=\"og:title\" content=\"Idee guida e punti fondamentali - La Saggezza di Chirone\" \/>\n<meta property=\"og:description\" content=\"Sezione: Progetto Embrionale per un Movimento Verde-Animalista Questa \u00e8 una bozza, un \u201cblueprint\u201d per un movimento politico che potrebbe diventare un partito. E\u2019 solo una traccia. E\u2019 solo un suggerimento. E\u2019 un progetto embrionale che pu\u00f2 essere trasformato,modificato, migliorato, completato, ridotto, reso pi\u00f9 preciso, pi\u00f9 comprensivo. E\u2019 qualcosa che pu\u00f2 considerarsi un inizio, un germe &hellip; Continua a leggere Idee guida e punti fondamentali\" \/>\n<meta property=\"og:url\" content=\"http:\/\/www.lasaggezzadichirone.org\/site\/progetto-movimento-verde-animalista\/idee-guida-e-punti-fondamentali\/\" \/>\n<meta property=\"og:site_name\" content=\"La Saggezza di Chirone\" \/>\n<meta property=\"og:image\" content=\"http:\/\/www.lasaggezzadichirone.org\/site\/wp-content\/uploads\/2009\/02\/logo.jpg\" \/>\n<meta name=\"twitter:card\" content=\"summary_large_image\" \/>\n<meta name=\"twitter:label1\" content=\"Tempo di lettura stimato\" \/>\n\t<meta name=\"twitter:data1\" content=\"5 minuti\" \/>\n<script type=\"application\/ld+json\" class=\"yoast-schema-graph\">{\"@context\":\"https:\\\/\\\/schema.org\",\"@graph\":[{\"@type\":\"WebPage\",\"@id\":\"http:\\\/\\\/www.lasaggezzadichirone.org\\\/site\\\/progetto-movimento-verde-animalista\\\/idee-guida-e-punti-fondamentali\\\/\",\"url\":\"http:\\\/\\\/www.lasaggezzadichirone.org\\\/site\\\/progetto-movimento-verde-animalista\\\/idee-guida-e-punti-fondamentali\\\/\",\"name\":\"Idee guida e punti fondamentali - La Saggezza di Chirone\",\"isPartOf\":{\"@id\":\"http:\\\/\\\/www.lasaggezzadichirone.org\\\/site\\\/#website\"},\"primaryImageOfPage\":{\"@id\":\"http:\\\/\\\/www.lasaggezzadichirone.org\\\/site\\\/progetto-movimento-verde-animalista\\\/idee-guida-e-punti-fondamentali\\\/#primaryimage\"},\"image\":{\"@id\":\"http:\\\/\\\/www.lasaggezzadichirone.org\\\/site\\\/progetto-movimento-verde-animalista\\\/idee-guida-e-punti-fondamentali\\\/#primaryimage\"},\"thumbnailUrl\":\"http:\\\/\\\/www.lasaggezzadichirone.org\\\/site\\\/wp-content\\\/uploads\\\/2009\\\/02\\\/logo.jpg\",\"datePublished\":\"2009-02-04T18:35:48+00:00\",\"breadcrumb\":{\"@id\":\"http:\\\/\\\/www.lasaggezzadichirone.org\\\/site\\\/progetto-movimento-verde-animalista\\\/idee-guida-e-punti-fondamentali\\\/#breadcrumb\"},\"inLanguage\":\"it-IT\",\"potentialAction\":[{\"@type\":\"ReadAction\",\"target\":[\"http:\\\/\\\/www.lasaggezzadichirone.org\\\/site\\\/progetto-movimento-verde-animalista\\\/idee-guida-e-punti-fondamentali\\\/\"]}]},{\"@type\":\"ImageObject\",\"inLanguage\":\"it-IT\",\"@id\":\"http:\\\/\\\/www.lasaggezzadichirone.org\\\/site\\\/progetto-movimento-verde-animalista\\\/idee-guida-e-punti-fondamentali\\\/#primaryimage\",\"url\":\"http:\\\/\\\/www.lasaggezzadichirone.org\\\/site\\\/wp-content\\\/uploads\\\/2009\\\/02\\\/logo.jpg\",\"contentUrl\":\"http:\\\/\\\/www.lasaggezzadichirone.org\\\/site\\\/wp-content\\\/uploads\\\/2009\\\/02\\\/logo.jpg\",\"width\":\"250\",\"height\":\"330\"},{\"@type\":\"BreadcrumbList\",\"@id\":\"http:\\\/\\\/www.lasaggezzadichirone.org\\\/site\\\/progetto-movimento-verde-animalista\\\/idee-guida-e-punti-fondamentali\\\/#breadcrumb\",\"itemListElement\":[{\"@type\":\"ListItem\",\"position\":1,\"name\":\"Home\",\"item\":\"http:\\\/\\\/www.lasaggezzadichirone.org\\\/site\\\/\"},{\"@type\":\"ListItem\",\"position\":2,\"name\":\"Progetto verso un Movimento\",\"item\":\"https:\\\/\\\/www.lasaggezzadichirone.org\\\/site\\\/progetto-movimento-verde-animalista\\\/\"},{\"@type\":\"ListItem\",\"position\":3,\"name\":\"Idee guida e punti fondamentali\"}]},{\"@type\":\"WebSite\",\"@id\":\"http:\\\/\\\/www.lasaggezzadichirone.org\\\/site\\\/#website\",\"url\":\"http:\\\/\\\/www.lasaggezzadichirone.org\\\/site\\\/\",\"name\":\"La Saggezza di Chirone\",\"description\":\"Letteratura, Filosofia, Etica, Poesia e Animali\",\"publisher\":{\"@id\":\"http:\\\/\\\/www.lasaggezzadichirone.org\\\/site\\\/#organization\"},\"potentialAction\":[{\"@type\":\"SearchAction\",\"target\":{\"@type\":\"EntryPoint\",\"urlTemplate\":\"http:\\\/\\\/www.lasaggezzadichirone.org\\\/site\\\/?s={search_term_string}\"},\"query-input\":{\"@type\":\"PropertyValueSpecification\",\"valueRequired\":true,\"valueName\":\"search_term_string\"}}],\"inLanguage\":\"it-IT\"},{\"@type\":\"Organization\",\"@id\":\"http:\\\/\\\/www.lasaggezzadichirone.org\\\/site\\\/#organization\",\"name\":\"La Saggezza di Chirone\",\"url\":\"http:\\\/\\\/www.lasaggezzadichirone.org\\\/site\\\/\",\"logo\":{\"@type\":\"ImageObject\",\"inLanguage\":\"it-IT\",\"@id\":\"http:\\\/\\\/www.lasaggezzadichirone.org\\\/site\\\/#\\\/schema\\\/logo\\\/image\\\/\",\"url\":\"http:\\\/\\\/www.lasaggezzadichirone.org\\\/site\\\/wp-content\\\/uploads\\\/2013\\\/12\\\/chirone2.jpg\",\"contentUrl\":\"http:\\\/\\\/www.lasaggezzadichirone.org\\\/site\\\/wp-content\\\/uploads\\\/2013\\\/12\\\/chirone2.jpg\",\"width\":300,\"height\":248,\"caption\":\"La Saggezza di Chirone\"},\"image\":{\"@id\":\"http:\\\/\\\/www.lasaggezzadichirone.org\\\/site\\\/#\\\/schema\\\/logo\\\/image\\\/\"}}]}<\/script>\n<!-- \/ Yoast SEO plugin. -->","yoast_head_json":{"title":"Idee guida e punti fondamentali - La Saggezza di Chirone","robots":{"index":"index","follow":"follow","max-snippet":"max-snippet:-1","max-image-preview":"max-image-preview:large","max-video-preview":"max-video-preview:-1"},"canonical":"http:\/\/www.lasaggezzadichirone.org\/site\/progetto-movimento-verde-animalista\/idee-guida-e-punti-fondamentali\/","og_locale":"it_IT","og_type":"article","og_title":"Idee guida e punti fondamentali - La Saggezza di Chirone","og_description":"Sezione: Progetto Embrionale per un Movimento Verde-Animalista Questa \u00e8 una bozza, un \u201cblueprint\u201d per un movimento politico che potrebbe diventare un partito. E\u2019 solo una traccia. E\u2019 solo un suggerimento. E\u2019 un progetto embrionale che pu\u00f2 essere trasformato,modificato, migliorato, completato, ridotto, reso pi\u00f9 preciso, pi\u00f9 comprensivo. E\u2019 qualcosa che pu\u00f2 considerarsi un inizio, un germe &hellip; Continua a leggere Idee guida e punti fondamentali","og_url":"http:\/\/www.lasaggezzadichirone.org\/site\/progetto-movimento-verde-animalista\/idee-guida-e-punti-fondamentali\/","og_site_name":"La Saggezza di Chirone","og_image":[{"url":"http:\/\/www.lasaggezzadichirone.org\/site\/wp-content\/uploads\/2009\/02\/logo.jpg","type":"","width":"","height":""}],"twitter_card":"summary_large_image","twitter_misc":{"Tempo di lettura stimato":"5 minuti"},"schema":{"@context":"https:\/\/schema.org","@graph":[{"@type":"WebPage","@id":"http:\/\/www.lasaggezzadichirone.org\/site\/progetto-movimento-verde-animalista\/idee-guida-e-punti-fondamentali\/","url":"http:\/\/www.lasaggezzadichirone.org\/site\/progetto-movimento-verde-animalista\/idee-guida-e-punti-fondamentali\/","name":"Idee guida e punti fondamentali - La Saggezza di Chirone","isPartOf":{"@id":"http:\/\/www.lasaggezzadichirone.org\/site\/#website"},"primaryImageOfPage":{"@id":"http:\/\/www.lasaggezzadichirone.org\/site\/progetto-movimento-verde-animalista\/idee-guida-e-punti-fondamentali\/#primaryimage"},"image":{"@id":"http:\/\/www.lasaggezzadichirone.org\/site\/progetto-movimento-verde-animalista\/idee-guida-e-punti-fondamentali\/#primaryimage"},"thumbnailUrl":"http:\/\/www.lasaggezzadichirone.org\/site\/wp-content\/uploads\/2009\/02\/logo.jpg","datePublished":"2009-02-04T18:35:48+00:00","breadcrumb":{"@id":"http:\/\/www.lasaggezzadichirone.org\/site\/progetto-movimento-verde-animalista\/idee-guida-e-punti-fondamentali\/#breadcrumb"},"inLanguage":"it-IT","potentialAction":[{"@type":"ReadAction","target":["http:\/\/www.lasaggezzadichirone.org\/site\/progetto-movimento-verde-animalista\/idee-guida-e-punti-fondamentali\/"]}]},{"@type":"ImageObject","inLanguage":"it-IT","@id":"http:\/\/www.lasaggezzadichirone.org\/site\/progetto-movimento-verde-animalista\/idee-guida-e-punti-fondamentali\/#primaryimage","url":"http:\/\/www.lasaggezzadichirone.org\/site\/wp-content\/uploads\/2009\/02\/logo.jpg","contentUrl":"http:\/\/www.lasaggezzadichirone.org\/site\/wp-content\/uploads\/2009\/02\/logo.jpg","width":"250","height":"330"},{"@type":"BreadcrumbList","@id":"http:\/\/www.lasaggezzadichirone.org\/site\/progetto-movimento-verde-animalista\/idee-guida-e-punti-fondamentali\/#breadcrumb","itemListElement":[{"@type":"ListItem","position":1,"name":"Home","item":"http:\/\/www.lasaggezzadichirone.org\/site\/"},{"@type":"ListItem","position":2,"name":"Progetto verso un Movimento","item":"https:\/\/www.lasaggezzadichirone.org\/site\/progetto-movimento-verde-animalista\/"},{"@type":"ListItem","position":3,"name":"Idee guida e punti fondamentali"}]},{"@type":"WebSite","@id":"http:\/\/www.lasaggezzadichirone.org\/site\/#website","url":"http:\/\/www.lasaggezzadichirone.org\/site\/","name":"La Saggezza di Chirone","description":"Letteratura, Filosofia, Etica, Poesia e Animali","publisher":{"@id":"http:\/\/www.lasaggezzadichirone.org\/site\/#organization"},"potentialAction":[{"@type":"SearchAction","target":{"@type":"EntryPoint","urlTemplate":"http:\/\/www.lasaggezzadichirone.org\/site\/?s={search_term_string}"},"query-input":{"@type":"PropertyValueSpecification","valueRequired":true,"valueName":"search_term_string"}}],"inLanguage":"it-IT"},{"@type":"Organization","@id":"http:\/\/www.lasaggezzadichirone.org\/site\/#organization","name":"La Saggezza di Chirone","url":"http:\/\/www.lasaggezzadichirone.org\/site\/","logo":{"@type":"ImageObject","inLanguage":"it-IT","@id":"http:\/\/www.lasaggezzadichirone.org\/site\/#\/schema\/logo\/image\/","url":"http:\/\/www.lasaggezzadichirone.org\/site\/wp-content\/uploads\/2013\/12\/chirone2.jpg","contentUrl":"http:\/\/www.lasaggezzadichirone.org\/site\/wp-content\/uploads\/2013\/12\/chirone2.jpg","width":300,"height":248,"caption":"La Saggezza di Chirone"},"image":{"@id":"http:\/\/www.lasaggezzadichirone.org\/site\/#\/schema\/logo\/image\/"}}]}},"_links":{"self":[{"href":"http:\/\/www.lasaggezzadichirone.org\/site\/wp-json\/wp\/v2\/pages\/96","targetHints":{"allow":["GET"]}}],"collection":[{"href":"http:\/\/www.lasaggezzadichirone.org\/site\/wp-json\/wp\/v2\/pages"}],"about":[{"href":"http:\/\/www.lasaggezzadichirone.org\/site\/wp-json\/wp\/v2\/types\/page"}],"author":[{"embeddable":true,"href":"http:\/\/www.lasaggezzadichirone.org\/site\/wp-json\/wp\/v2\/users\/1"}],"replies":[{"embeddable":true,"href":"http:\/\/www.lasaggezzadichirone.org\/site\/wp-json\/wp\/v2\/comments?post=96"}],"version-history":[{"count":5,"href":"http:\/\/www.lasaggezzadichirone.org\/site\/wp-json\/wp\/v2\/pages\/96\/revisions"}],"predecessor-version":[{"id":102,"href":"http:\/\/www.lasaggezzadichirone.org\/site\/wp-json\/wp\/v2\/pages\/96\/revisions\/102"}],"up":[{"embeddable":true,"href":"http:\/\/www.lasaggezzadichirone.org\/site\/wp-json\/wp\/v2\/pages\/57"}],"wp:attachment":[{"href":"http:\/\/www.lasaggezzadichirone.org\/site\/wp-json\/wp\/v2\/media?parent=96"}],"curies":[{"name":"wp","href":"https:\/\/api.w.org\/{rel}","templated":true}]}}