{"id":459,"date":"2009-05-06T17:00:38","date_gmt":"2009-05-06T16:00:38","guid":{"rendered":"http:\/\/www.lasaggezzadichirone.org\/site\/?page_id=459"},"modified":"2024-02-19T12:40:47","modified_gmt":"2024-02-19T11:40:47","slug":"caro-direttore-commenti-a-%e2%80%9ccina-una-scimmia-%e2%80%9cin-arresto%e2%80%9d-nella-stazione-di-polizia-di-tianjin-ha-morso-due-passanti-al-mercato-locale%e2%80%9d","status":"publish","type":"page","link":"http:\/\/www.lasaggezzadichirone.org\/site\/racconti\/caro-direttore-commenti-a-%e2%80%9ccina-una-scimmia-%e2%80%9cin-arresto%e2%80%9d-nella-stazione-di-polizia-di-tianjin-ha-morso-due-passanti-al-mercato-locale%e2%80%9d\/","title":{"rendered":"Caro Direttore. Commenti a \u201cCina. Una scimmia \u201cin arresto\u201d nella stazione di polizia di Tianjin: ha morso due passanti al mercato locale\u201d"},"content":{"rendered":"<p>Sezione: <a href=\"http:\/\/www.lasaggezzadichirone.org\/site\/?page_id=46\">Racconti<\/a><\/p>\n<p><strong>Caro Direttore. Commenti a \u201cCina. Una scimmia \u201cin arresto\u201d nella stazione di polizia di Tianjin: ha morso due passanti al mercato locale\u201d <\/strong><\/p>\n<p><em>Giuliano Sadar<\/em><\/p>\n<p>Caro Direttore,<\/p>\n<p>dopo i sinceri complimenti per il giornale, migliore e pi\u00f9 combattivo del partito di riferimento, ecco ci\u00f2 che mi ha spinto a scriverle.<\/p>\n<p>Il giorno marted\u00ec 3 settembre, l\u2019Unit\u00e0 ha pubblicato a pagina 31 l\u2019immagine di una povera bestia, una scimmia, in manette, dall\u2019espressione fra il disperato e il sorpreso, quasi \u201cumana\u201d.<\/p>\n<p>La didascalia diceva: \u201cCina. Una scimmia \u201cin arresto\u201d nella stazione di polizia di Tianjin: ha morso due passanti al mercato locale\u201d.<\/p>\n<p>Lei Direttore sa quanta \u201cideologia\u201d ci pu\u00f2 essere nel pubblicare una foto, nel non pubblicarla, nel darle un certo taglio, o sostituirla con un\u2019altra e, non ultimo, nella scelta della didascalia.<\/p>\n<p>Foto e didascalia in questione per chi di voi ha \u201cchiuso\u201d quella pagina facevano parte della categoria \u201ccuriosit\u00e0\u201d, \u201ccolore da mondi lontani\u201d.<\/p>\n<p>Per me invece era una notizia. Incompleta. Terribilmente incompleta. Specie dopo aver fissato gli occhi disperati e consapevoli dell\u2019animale. Dato che Tianjin non \u00e8 a latitudine tropicale, mi sono chiesto ad esempio cosa faceva una scimmia in un mercato. Era al guinzaglio di qualcuno? Era stata portata per essere venduta, magari uccisa e mangiata? Questo voi lo tacete. Poi mi sono chiesto come mi sarei difeso io, in una situazione del genere. O lei, caro Direttore, o qualcuno dei suoi bravi redattori. Non molto diversamente, credo, e forse peggio che con due morsi.<\/p>\n<p>Bene getto la maschera. Io sono uno di quelli che vengono chiamati \u201canimalisti\u201d. La mia misera visione del mondo ritiene che gli esseri non umani appartengono alla categoria degli \u201cultimi\u201d nel mondo di oggi. Uccisi a milioni dopo brevi vite negli allevamenti intensivi, allontanati dalle madri, massacrati da moltissimi \u201ccompagni\u201d cacciatori, torturati nei laboratori di sperimentazione, importati nelle nostre case per i nostri puerili bisogni d\u2019\u201desotico\u201d, venduti nei mercati, abbandonati a morire sulle strade, negli stagni e nei fiumi quando diventano troppo grandi e ingombranti.<\/p>\n<p>Sono rimasto quindi amareggiato, ma non stupito nel vedere quella foto marted\u00ec sfogliando il giornale. Non stupito perch\u00e9 so ormai che la sensibilit\u00e0 della sinistra nei confronti dei \u201cnon umani\u201d \u00e8 meno che zero. La sinistra non riconosce solidariet\u00e0 ai \u201cnon umani\u201d, n\u00e9 lo status di fratelli minori sfruttati e vilipesi, fratelli perch\u00e9 inquilini comuni in una terra che l\u2019uomo si \u00e8 preso \u201cusu capione\u201d senza il permesso di alcuno. Dove tutti, sia noi \u201cumani\u201d che i \u201cnon umani\u201d, siamo destinati a passare senza lasciare pi\u00f9 o meno traccia.<\/p>\n<p>Giacomo Leopardi aveva \u201cvisto\u201d una solidariet\u00e0 universale senza confini di specie e stadio evolutivo. Il pensiero antropocentrico del cattolicesimo e delle religioni monoteiste da una parte, il razionalismo cartesiano dall\u2019altra, hanno invece portato l\u2019uomo a una concezione utilitaristica dove l\u2019uomo utilizza l\u2019ambiente e i suoi abitatori per i suoi scopi.<\/p>\n<p>Sarebbe bello che la sinistra, finalmente, incominciasse a interrogarsi su ci\u00f2. Dopo la tanta fatica per \u201cdigerire\u201d i problemi dell\u2019ambiente, potrebbe essere l\u2019ora di considerare i non umani che l\u2019ambiente lo popolano. Non nell\u2019ottica di \u201cspecie\u201d da salvaguardare, ma in quella di esseri capaci di provare dolore, paura, angoscia al pari degli umani.<\/p>\n<p>Certo, a chi frequenta le feste dell\u2019Unit\u00e0 e si pappa gioioso cosce e ali di pollo, non passa per la mente che questi animali vengono allevati dentro hangar dove la luce rimane accesa per 24 ore, imbottiti di antibiotici e antidepressivi per lo stress, e che vengono macellati dopo 40 giorni in cui raggiungono dimensioni come avessero sei mesi. A nessuno dei \u201ccompagni\u201d passa per la mente che queste povere bestie vengono sfruttate proprio nell\u2019ottica di quello sfruttamento dell\u2019\u201daltro\u201d che lo stesso pensiero della sinistra dovrebbe combattere.<\/p>\n<p>Non si chiede che il mondo cambi d\u2019un tratto usanze e culture radicate. Ma che prenda piede un\u2019altra consapevolezza, s\u00ec. Potreste iniziare voi. Avvicinando a voi quel milione e mezzo vegetariani e i tantissimi animalisti che non trovano un giornale in cui riconoscersi almeno un po\u2019.<\/p>\n<p>Un cordiale saluto<\/p>\n<p>Giuliano<\/p>\n","protected":false},"excerpt":{"rendered":"<p>Sezione: Racconti Caro Direttore. Commenti a \u201cCina. Una scimmia \u201cin arresto\u201d nella stazione di polizia di Tianjin: ha morso due passanti al mercato locale\u201d Giuliano Sadar Caro Direttore, dopo i sinceri complimenti per il giornale, migliore e pi\u00f9 combattivo del partito di riferimento, ecco ci\u00f2 che mi ha spinto a scriverle. Il giorno marted\u00ec 3 &hellip; <a href=\"http:\/\/www.lasaggezzadichirone.org\/site\/racconti\/caro-direttore-commenti-a-%e2%80%9ccina-una-scimmia-%e2%80%9cin-arresto%e2%80%9d-nella-stazione-di-polizia-di-tianjin-ha-morso-due-passanti-al-mercato-locale%e2%80%9d\/\" class=\"more-link\">Continua a leggere <span class=\"screen-reader-text\">Caro Direttore. Commenti a \u201cCina. Una scimmia \u201cin arresto\u201d nella stazione di polizia di Tianjin: ha morso due passanti al mercato locale\u201d<\/span><\/a><\/p>\n","protected":false},"author":1,"featured_media":0,"parent":46,"menu_order":0,"comment_status":"open","ping_status":"open","template":"","meta":{"iawp_total_views":0,"footnotes":""},"class_list":["post-459","page","type-page","status-publish","hentry"],"yoast_head":"<!-- This site is optimized with the Yoast SEO plugin v27.5 - https:\/\/yoast.com\/product\/yoast-seo-wordpress\/ -->\n<title>Caro Direttore. Commenti a \u201cCina. Una scimmia \u201cin arresto\u201d nella stazione di polizia di Tianjin: ha morso due passanti al mercato locale\u201d - La Saggezza di Chirone<\/title>\n<meta name=\"robots\" content=\"index, follow, max-snippet:-1, max-image-preview:large, max-video-preview:-1\" \/>\n<link rel=\"canonical\" href=\"http:\/\/www.lasaggezzadichirone.org\/site\/racconti\/caro-direttore-commenti-a-\u201ccina-una-scimmia-\u201cin-arresto\u201d-nella-stazione-di-polizia-di-tianjin-ha-morso-due-passanti-al-mercato-locale\u201d\/\" \/>\n<meta property=\"og:locale\" content=\"it_IT\" \/>\n<meta property=\"og:type\" content=\"article\" \/>\n<meta property=\"og:title\" content=\"Caro Direttore. Commenti a \u201cCina. Una scimmia \u201cin arresto\u201d nella stazione di polizia di Tianjin: ha morso due passanti al mercato locale\u201d - La Saggezza di Chirone\" \/>\n<meta property=\"og:description\" content=\"Sezione: Racconti Caro Direttore. Commenti a \u201cCina. Una scimmia \u201cin arresto\u201d nella stazione di polizia di Tianjin: ha morso due passanti al mercato locale\u201d Giuliano Sadar Caro Direttore, dopo i sinceri complimenti per il giornale, migliore e pi\u00f9 combattivo del partito di riferimento, ecco ci\u00f2 che mi ha spinto a scriverle. Il giorno marted\u00ec 3 &hellip; Continua a leggere Caro Direttore. Commenti a \u201cCina. Una scimmia \u201cin arresto\u201d nella stazione di polizia di Tianjin: ha morso due passanti al mercato locale\u201d\" \/>\n<meta property=\"og:url\" content=\"http:\/\/www.lasaggezzadichirone.org\/site\/racconti\/caro-direttore-commenti-a-\u201ccina-una-scimmia-\u201cin-arresto\u201d-nella-stazione-di-polizia-di-tianjin-ha-morso-due-passanti-al-mercato-locale\u201d\/\" \/>\n<meta property=\"og:site_name\" content=\"La Saggezza di Chirone\" \/>\n<meta property=\"article:modified_time\" content=\"2024-02-19T11:40:47+00:00\" \/>\n<meta name=\"twitter:card\" content=\"summary_large_image\" \/>\n<meta name=\"twitter:label1\" content=\"Tempo di lettura stimato\" \/>\n\t<meta name=\"twitter:data1\" content=\"4 minuti\" \/>\n<script type=\"application\/ld+json\" class=\"yoast-schema-graph\">{\"@context\":\"https:\\\/\\\/schema.org\",\"@graph\":[{\"@type\":\"WebPage\",\"@id\":\"http:\\\/\\\/www.lasaggezzadichirone.org\\\/site\\\/racconti\\\/caro-direttore-commenti-a-%e2%80%9ccina-una-scimmia-%e2%80%9cin-arresto%e2%80%9d-nella-stazione-di-polizia-di-tianjin-ha-morso-due-passanti-al-mercato-locale%e2%80%9d\\\/\",\"url\":\"http:\\\/\\\/www.lasaggezzadichirone.org\\\/site\\\/racconti\\\/caro-direttore-commenti-a-%e2%80%9ccina-una-scimmia-%e2%80%9cin-arresto%e2%80%9d-nella-stazione-di-polizia-di-tianjin-ha-morso-due-passanti-al-mercato-locale%e2%80%9d\\\/\",\"name\":\"Caro Direttore. Commenti a \u201cCina. Una scimmia \u201cin arresto\u201d nella stazione di polizia di Tianjin: ha morso due passanti al mercato locale\u201d - La Saggezza di Chirone\",\"isPartOf\":{\"@id\":\"http:\\\/\\\/www.lasaggezzadichirone.org\\\/site\\\/#website\"},\"datePublished\":\"2009-05-06T16:00:38+00:00\",\"dateModified\":\"2024-02-19T11:40:47+00:00\",\"breadcrumb\":{\"@id\":\"http:\\\/\\\/www.lasaggezzadichirone.org\\\/site\\\/racconti\\\/caro-direttore-commenti-a-%e2%80%9ccina-una-scimmia-%e2%80%9cin-arresto%e2%80%9d-nella-stazione-di-polizia-di-tianjin-ha-morso-due-passanti-al-mercato-locale%e2%80%9d\\\/#breadcrumb\"},\"inLanguage\":\"it-IT\",\"potentialAction\":[{\"@type\":\"ReadAction\",\"target\":[\"http:\\\/\\\/www.lasaggezzadichirone.org\\\/site\\\/racconti\\\/caro-direttore-commenti-a-%e2%80%9ccina-una-scimmia-%e2%80%9cin-arresto%e2%80%9d-nella-stazione-di-polizia-di-tianjin-ha-morso-due-passanti-al-mercato-locale%e2%80%9d\\\/\"]}]},{\"@type\":\"BreadcrumbList\",\"@id\":\"http:\\\/\\\/www.lasaggezzadichirone.org\\\/site\\\/racconti\\\/caro-direttore-commenti-a-%e2%80%9ccina-una-scimmia-%e2%80%9cin-arresto%e2%80%9d-nella-stazione-di-polizia-di-tianjin-ha-morso-due-passanti-al-mercato-locale%e2%80%9d\\\/#breadcrumb\",\"itemListElement\":[{\"@type\":\"ListItem\",\"position\":1,\"name\":\"Home\",\"item\":\"http:\\\/\\\/www.lasaggezzadichirone.org\\\/site\\\/\"},{\"@type\":\"ListItem\",\"position\":2,\"name\":\"Racconti\",\"item\":\"http:\\\/\\\/www.lasaggezzadichirone.org\\\/site\\\/racconti\\\/\"},{\"@type\":\"ListItem\",\"position\":3,\"name\":\"Caro Direttore. Commenti a \u201cCina. Una scimmia \u201cin arresto\u201d nella stazione di polizia di Tianjin: ha morso due passanti al mercato locale\u201d\"}]},{\"@type\":\"WebSite\",\"@id\":\"http:\\\/\\\/www.lasaggezzadichirone.org\\\/site\\\/#website\",\"url\":\"http:\\\/\\\/www.lasaggezzadichirone.org\\\/site\\\/\",\"name\":\"La Saggezza di Chirone\",\"description\":\"Letteratura, Filosofia, Etica, Poesia e Animali\",\"publisher\":{\"@id\":\"http:\\\/\\\/www.lasaggezzadichirone.org\\\/site\\\/#organization\"},\"potentialAction\":[{\"@type\":\"SearchAction\",\"target\":{\"@type\":\"EntryPoint\",\"urlTemplate\":\"http:\\\/\\\/www.lasaggezzadichirone.org\\\/site\\\/?s={search_term_string}\"},\"query-input\":{\"@type\":\"PropertyValueSpecification\",\"valueRequired\":true,\"valueName\":\"search_term_string\"}}],\"inLanguage\":\"it-IT\"},{\"@type\":\"Organization\",\"@id\":\"http:\\\/\\\/www.lasaggezzadichirone.org\\\/site\\\/#organization\",\"name\":\"La Saggezza di Chirone\",\"url\":\"http:\\\/\\\/www.lasaggezzadichirone.org\\\/site\\\/\",\"logo\":{\"@type\":\"ImageObject\",\"inLanguage\":\"it-IT\",\"@id\":\"http:\\\/\\\/www.lasaggezzadichirone.org\\\/site\\\/#\\\/schema\\\/logo\\\/image\\\/\",\"url\":\"http:\\\/\\\/www.lasaggezzadichirone.org\\\/site\\\/wp-content\\\/uploads\\\/2013\\\/12\\\/chirone2.jpg\",\"contentUrl\":\"http:\\\/\\\/www.lasaggezzadichirone.org\\\/site\\\/wp-content\\\/uploads\\\/2013\\\/12\\\/chirone2.jpg\",\"width\":300,\"height\":248,\"caption\":\"La Saggezza di Chirone\"},\"image\":{\"@id\":\"http:\\\/\\\/www.lasaggezzadichirone.org\\\/site\\\/#\\\/schema\\\/logo\\\/image\\\/\"}}]}<\/script>\n<!-- \/ Yoast SEO plugin. -->","yoast_head_json":{"title":"Caro Direttore. Commenti a \u201cCina. Una scimmia \u201cin arresto\u201d nella stazione di polizia di Tianjin: ha morso due passanti al mercato locale\u201d - La Saggezza di Chirone","robots":{"index":"index","follow":"follow","max-snippet":"max-snippet:-1","max-image-preview":"max-image-preview:large","max-video-preview":"max-video-preview:-1"},"canonical":"http:\/\/www.lasaggezzadichirone.org\/site\/racconti\/caro-direttore-commenti-a-\u201ccina-una-scimmia-\u201cin-arresto\u201d-nella-stazione-di-polizia-di-tianjin-ha-morso-due-passanti-al-mercato-locale\u201d\/","og_locale":"it_IT","og_type":"article","og_title":"Caro Direttore. Commenti a \u201cCina. Una scimmia \u201cin arresto\u201d nella stazione di polizia di Tianjin: ha morso due passanti al mercato locale\u201d - La Saggezza di Chirone","og_description":"Sezione: Racconti Caro Direttore. Commenti a \u201cCina. Una scimmia \u201cin arresto\u201d nella stazione di polizia di Tianjin: ha morso due passanti al mercato locale\u201d Giuliano Sadar Caro Direttore, dopo i sinceri complimenti per il giornale, migliore e pi\u00f9 combattivo del partito di riferimento, ecco ci\u00f2 che mi ha spinto a scriverle. Il giorno marted\u00ec 3 &hellip; Continua a leggere Caro Direttore. Commenti a \u201cCina. Una scimmia \u201cin arresto\u201d nella stazione di polizia di Tianjin: ha morso due passanti al mercato locale\u201d","og_url":"http:\/\/www.lasaggezzadichirone.org\/site\/racconti\/caro-direttore-commenti-a-\u201ccina-una-scimmia-\u201cin-arresto\u201d-nella-stazione-di-polizia-di-tianjin-ha-morso-due-passanti-al-mercato-locale\u201d\/","og_site_name":"La Saggezza di Chirone","article_modified_time":"2024-02-19T11:40:47+00:00","twitter_card":"summary_large_image","twitter_misc":{"Tempo di lettura stimato":"4 minuti"},"schema":{"@context":"https:\/\/schema.org","@graph":[{"@type":"WebPage","@id":"http:\/\/www.lasaggezzadichirone.org\/site\/racconti\/caro-direttore-commenti-a-%e2%80%9ccina-una-scimmia-%e2%80%9cin-arresto%e2%80%9d-nella-stazione-di-polizia-di-tianjin-ha-morso-due-passanti-al-mercato-locale%e2%80%9d\/","url":"http:\/\/www.lasaggezzadichirone.org\/site\/racconti\/caro-direttore-commenti-a-%e2%80%9ccina-una-scimmia-%e2%80%9cin-arresto%e2%80%9d-nella-stazione-di-polizia-di-tianjin-ha-morso-due-passanti-al-mercato-locale%e2%80%9d\/","name":"Caro Direttore. Commenti a \u201cCina. Una scimmia \u201cin arresto\u201d nella stazione di polizia di Tianjin: ha morso due passanti al mercato locale\u201d - La Saggezza di Chirone","isPartOf":{"@id":"http:\/\/www.lasaggezzadichirone.org\/site\/#website"},"datePublished":"2009-05-06T16:00:38+00:00","dateModified":"2024-02-19T11:40:47+00:00","breadcrumb":{"@id":"http:\/\/www.lasaggezzadichirone.org\/site\/racconti\/caro-direttore-commenti-a-%e2%80%9ccina-una-scimmia-%e2%80%9cin-arresto%e2%80%9d-nella-stazione-di-polizia-di-tianjin-ha-morso-due-passanti-al-mercato-locale%e2%80%9d\/#breadcrumb"},"inLanguage":"it-IT","potentialAction":[{"@type":"ReadAction","target":["http:\/\/www.lasaggezzadichirone.org\/site\/racconti\/caro-direttore-commenti-a-%e2%80%9ccina-una-scimmia-%e2%80%9cin-arresto%e2%80%9d-nella-stazione-di-polizia-di-tianjin-ha-morso-due-passanti-al-mercato-locale%e2%80%9d\/"]}]},{"@type":"BreadcrumbList","@id":"http:\/\/www.lasaggezzadichirone.org\/site\/racconti\/caro-direttore-commenti-a-%e2%80%9ccina-una-scimmia-%e2%80%9cin-arresto%e2%80%9d-nella-stazione-di-polizia-di-tianjin-ha-morso-due-passanti-al-mercato-locale%e2%80%9d\/#breadcrumb","itemListElement":[{"@type":"ListItem","position":1,"name":"Home","item":"http:\/\/www.lasaggezzadichirone.org\/site\/"},{"@type":"ListItem","position":2,"name":"Racconti","item":"http:\/\/www.lasaggezzadichirone.org\/site\/racconti\/"},{"@type":"ListItem","position":3,"name":"Caro Direttore. Commenti a \u201cCina. Una scimmia \u201cin arresto\u201d nella stazione di polizia di Tianjin: ha morso due passanti al mercato locale\u201d"}]},{"@type":"WebSite","@id":"http:\/\/www.lasaggezzadichirone.org\/site\/#website","url":"http:\/\/www.lasaggezzadichirone.org\/site\/","name":"La Saggezza di Chirone","description":"Letteratura, Filosofia, Etica, Poesia e Animali","publisher":{"@id":"http:\/\/www.lasaggezzadichirone.org\/site\/#organization"},"potentialAction":[{"@type":"SearchAction","target":{"@type":"EntryPoint","urlTemplate":"http:\/\/www.lasaggezzadichirone.org\/site\/?s={search_term_string}"},"query-input":{"@type":"PropertyValueSpecification","valueRequired":true,"valueName":"search_term_string"}}],"inLanguage":"it-IT"},{"@type":"Organization","@id":"http:\/\/www.lasaggezzadichirone.org\/site\/#organization","name":"La Saggezza di Chirone","url":"http:\/\/www.lasaggezzadichirone.org\/site\/","logo":{"@type":"ImageObject","inLanguage":"it-IT","@id":"http:\/\/www.lasaggezzadichirone.org\/site\/#\/schema\/logo\/image\/","url":"http:\/\/www.lasaggezzadichirone.org\/site\/wp-content\/uploads\/2013\/12\/chirone2.jpg","contentUrl":"http:\/\/www.lasaggezzadichirone.org\/site\/wp-content\/uploads\/2013\/12\/chirone2.jpg","width":300,"height":248,"caption":"La Saggezza di Chirone"},"image":{"@id":"http:\/\/www.lasaggezzadichirone.org\/site\/#\/schema\/logo\/image\/"}}]}},"_links":{"self":[{"href":"http:\/\/www.lasaggezzadichirone.org\/site\/wp-json\/wp\/v2\/pages\/459","targetHints":{"allow":["GET"]}}],"collection":[{"href":"http:\/\/www.lasaggezzadichirone.org\/site\/wp-json\/wp\/v2\/pages"}],"about":[{"href":"http:\/\/www.lasaggezzadichirone.org\/site\/wp-json\/wp\/v2\/types\/page"}],"author":[{"embeddable":true,"href":"http:\/\/www.lasaggezzadichirone.org\/site\/wp-json\/wp\/v2\/users\/1"}],"replies":[{"embeddable":true,"href":"http:\/\/www.lasaggezzadichirone.org\/site\/wp-json\/wp\/v2\/comments?post=459"}],"version-history":[{"count":3,"href":"http:\/\/www.lasaggezzadichirone.org\/site\/wp-json\/wp\/v2\/pages\/459\/revisions"}],"predecessor-version":[{"id":2081,"href":"http:\/\/www.lasaggezzadichirone.org\/site\/wp-json\/wp\/v2\/pages\/459\/revisions\/2081"}],"up":[{"embeddable":true,"href":"http:\/\/www.lasaggezzadichirone.org\/site\/wp-json\/wp\/v2\/pages\/46"}],"wp:attachment":[{"href":"http:\/\/www.lasaggezzadichirone.org\/site\/wp-json\/wp\/v2\/media?parent=459"}],"curies":[{"name":"wp","href":"https:\/\/api.w.org\/{rel}","templated":true}]}}